{"id":5978,"date":"2022-10-18T09:07:16","date_gmt":"2022-10-18T09:07:16","guid":{"rendered":"https:\/\/coretalouise.com\/?page_id=5978"},"modified":"2023-04-25T15:10:34","modified_gmt":"2023-04-25T15:10:34","slug":"nyfw-the-shows-spring-summer-2023","status":"publish","type":"page","link":"https:\/\/coretalouise.com\/index.php\/nyfw-the-shows-spring-summer-2023\/","title":{"rendered":"NYFW The Shows Spring Summer 2023"},"content":{"rendered":"\t\t<div data-elementor-type=\"wp-page\" data-elementor-id=\"5978\" class=\"elementor elementor-5978\">\n\t\t\t\t\t\t\t\t\t<section class=\"elementor-section elementor-top-section elementor-element elementor-element-8746705 elementor-section-boxed elementor-section-height-default elementor-section-height-default\" data-id=\"8746705\" data-element_type=\"section\">\n\t\t\t\t\t\t<div class=\"elementor-container elementor-column-gap-default\">\n\t\t\t\t\t<div class=\"elementor-column elementor-col-100 elementor-top-column elementor-element elementor-element-35009ef\" data-id=\"35009ef\" data-element_type=\"column\">\n\t\t\t<div class=\"elementor-widget-wrap elementor-element-populated\">\n\t\t\t\t\t\t\t\t<div class=\"elementor-element elementor-element-583e40c elementor-widget elementor-widget-text-editor\" data-id=\"583e40c\" data-element_type=\"widget\" data-widget_type=\"text-editor.default\">\n\t\t\t\t<div class=\"elementor-widget-container\">\n\t\t\t        <div class=\"elementor-text-editor elementor-clearfix\"><p><a href=\"https:\/\/coretalouise.com\/\">Home<\/a>\u00a0 &gt;\u00a0 Coreta Louise\u2019s SS23 collection \u201cSea Reflection, From the Sea to the City\u201d at NYFW The Shows<\/p><\/div>\n        \t\t<\/div>\n\t\t\t\t<\/div>\n\t\t\t\t\t<\/div>\n\t\t<\/div>\n\t\t\t\t\t\t\t<\/div>\n\t\t<\/section>\n\t\t\t\t<section class=\"elementor-section elementor-top-section elementor-element elementor-element-12e3738 elementor-section-boxed elementor-section-height-default elementor-section-height-default\" data-id=\"12e3738\" data-element_type=\"section\">\n\t\t\t\t\t\t<div class=\"elementor-container elementor-column-gap-default\">\n\t\t\t\t\t<div class=\"elementor-column elementor-col-100 elementor-top-column elementor-element elementor-element-7760057\" data-id=\"7760057\" data-element_type=\"column\">\n\t\t\t<div class=\"elementor-widget-wrap elementor-element-populated\">\n\t\t\t\t\t\t\t\t<div class=\"elementor-element elementor-element-95e3d49 elementor-arrows-position-inside elementor-pagination-position-outside elementor-widget elementor-widget-image-carousel\" data-id=\"95e3d49\" data-element_type=\"widget\" data-settings=\"{&quot;slides_to_show&quot;:&quot;4&quot;,&quot;image_spacing_custom&quot;:{&quot;unit&quot;:&quot;px&quot;,&quot;size&quot;:10,&quot;sizes&quot;:[]},&quot;navigation&quot;:&quot;both&quot;,&quot;autoplay&quot;:&quot;yes&quot;,&quot;pause_on_hover&quot;:&quot;yes&quot;,&quot;pause_on_interaction&quot;:&quot;yes&quot;,&quot;autoplay_speed&quot;:5000,&quot;infinite&quot;:&quot;yes&quot;,&quot;speed&quot;:500,&quot;image_spacing_custom_tablet&quot;:{&quot;unit&quot;:&quot;px&quot;,&quot;size&quot;:&quot;&quot;,&quot;sizes&quot;:[]},&quot;image_spacing_custom_mobile&quot;:{&quot;unit&quot;:&quot;px&quot;,&quot;size&quot;:&quot;&quot;,&quot;sizes&quot;:[]}}\" data-widget_type=\"image-carousel.default\">\n\t\t\t\t<div class=\"elementor-widget-container\">\n\t\t\t\t\t<div class=\"elementor-image-carousel-wrapper swiper-container\" dir=\"ltr\">\n\t\t\t<div class=\"elementor-image-carousel swiper-wrapper\">\n\t\t\t\t\t\t\t\t<div class=\"swiper-slide\"><figure class=\"swiper-slide-inner\"><img decoding=\"async\" class=\"swiper-slide-image\" src=\"https:\/\/coretalouise.com\/wp-content\/uploads\/2022\/10\/Coreta-Louise-S23-01-683x1024.jpg\" alt=\"Coreta Louise S23 01\" \/><\/figure><\/div><div class=\"swiper-slide\"><figure class=\"swiper-slide-inner\"><img decoding=\"async\" class=\"swiper-slide-image\" src=\"https:\/\/coretalouise.com\/wp-content\/uploads\/2022\/10\/Coreta-Louise-S23-02-683x1024.jpg\" alt=\"Coreta Louise S23 02\" \/><\/figure><\/div><div class=\"swiper-slide\"><figure class=\"swiper-slide-inner\"><img decoding=\"async\" class=\"swiper-slide-image\" src=\"https:\/\/coretalouise.com\/wp-content\/uploads\/2022\/10\/Coreta-Louise-S23-03-683x1024.jpg\" alt=\"Coreta Louise S23 03\" \/><\/figure><\/div><div class=\"swiper-slide\"><figure class=\"swiper-slide-inner\"><img decoding=\"async\" class=\"swiper-slide-image\" src=\"https:\/\/coretalouise.com\/wp-content\/uploads\/2022\/10\/Coreta-Louise-S23-04-683x1024.jpg\" alt=\"Coreta Louise S23 04\" \/><\/figure><\/div><div class=\"swiper-slide\"><figure class=\"swiper-slide-inner\"><img decoding=\"async\" class=\"swiper-slide-image\" src=\"https:\/\/coretalouise.com\/wp-content\/uploads\/2022\/10\/Coreta-Louise-S23-05-683x1024.jpg\" alt=\"Coreta Louise S23 05\" \/><\/figure><\/div><div class=\"swiper-slide\"><figure class=\"swiper-slide-inner\"><img decoding=\"async\" class=\"swiper-slide-image\" src=\"https:\/\/coretalouise.com\/wp-content\/uploads\/2022\/10\/Coreta-Louise-S23-06-683x1024.jpg\" alt=\"Coreta Louise S23 06\" \/><\/figure><\/div><div class=\"swiper-slide\"><figure class=\"swiper-slide-inner\"><img decoding=\"async\" class=\"swiper-slide-image\" src=\"https:\/\/coretalouise.com\/wp-content\/uploads\/2022\/10\/Coreta-Louise-S23-07-683x1024.jpg\" alt=\"Coreta Louise S23 07\" \/><\/figure><\/div><div class=\"swiper-slide\"><figure class=\"swiper-slide-inner\"><img decoding=\"async\" class=\"swiper-slide-image\" src=\"https:\/\/coretalouise.com\/wp-content\/uploads\/2022\/10\/Coreta-Louise-S23-08-683x1024.jpg\" alt=\"Coreta Louise S23 08\" \/><\/figure><\/div><div class=\"swiper-slide\"><figure class=\"swiper-slide-inner\"><img decoding=\"async\" class=\"swiper-slide-image\" src=\"https:\/\/coretalouise.com\/wp-content\/uploads\/2022\/10\/Coreta-Louise-S23-09-683x1024.jpg\" alt=\"Coreta Louise S23 09\" \/><\/figure><\/div><div class=\"swiper-slide\"><figure class=\"swiper-slide-inner\"><img decoding=\"async\" class=\"swiper-slide-image\" src=\"https:\/\/coretalouise.com\/wp-content\/uploads\/2022\/10\/Coreta-Louise-S23-10-683x1024.jpg\" alt=\"Coreta Louise S23 10\" \/><\/figure><\/div><div class=\"swiper-slide\"><figure class=\"swiper-slide-inner\"><img decoding=\"async\" class=\"swiper-slide-image\" src=\"https:\/\/coretalouise.com\/wp-content\/uploads\/2022\/10\/Coreta-Louise-S23-11-683x1024.jpg\" alt=\"Coreta Louise S23 11\" \/><\/figure><\/div><div class=\"swiper-slide\"><figure class=\"swiper-slide-inner\"><img decoding=\"async\" class=\"swiper-slide-image\" src=\"https:\/\/coretalouise.com\/wp-content\/uploads\/2022\/10\/Coreta-Louise-S23-12-683x1024.jpg\" alt=\"Coreta Louise S23 12\" \/><\/figure><\/div>\t\t\t<\/div>\n\t\t\t\t\t\t\t\t\t\t\t\t<div class=\"swiper-pagination\"><\/div>\n\t\t\t\t\t\t\t\t\t\t\t\t\t<div class=\"elementor-swiper-button elementor-swiper-button-prev\" role=\"button\" tabindex=\"0\">\n\t\t\t\t\t\t<i aria-hidden=\"true\" class=\"eicon-chevron-left\"><\/i>\t\t\t\t\t\t<span class=\"elementor-screen-only\">Previous image<\/span>\n\t\t\t\t\t<\/div>\n\t\t\t\t\t<div class=\"elementor-swiper-button elementor-swiper-button-next\" role=\"button\" tabindex=\"0\">\n\t\t\t\t\t\t<i aria-hidden=\"true\" class=\"eicon-chevron-right\"><\/i>\t\t\t\t\t\t<span class=\"elementor-screen-only\">Next image<\/span>\n\t\t\t\t\t<\/div>\n\t\t\t\t\t\t\t\t\t<\/div>\n\t\t\t\t<\/div>\n\t\t\t\t<\/div>\n\t\t\t\t\t<\/div>\n\t\t<\/div>\n\t\t\t\t\t\t\t<\/div>\n\t\t<\/section>\n\t\t\t\t\t\t\t<\/div>\n\t\t","protected":false},"excerpt":{"rendered":"<p>Home\u00a0 &gt;\u00a0 Coreta Louise\u2019s SS23 collection \u201cSea Reflection, From the Sea to the City\u201d at NYFW The Shows Previous Next Ghostwriters sind Experten, die so schreiben, dass sie die Stimme und den Ton des Kunden widerspiegelt.Sie k\u00f6nnen in einer Vielzahl von Medien schreiben, darunter B\u00fccher, ghostwriting Blogs, E-Books und Unternehmensbrosch\u00fcren. Ghostwriters helfen einem Kunden auch, &#8230; <a title=\"NYFW The Shows Spring Summer 2023\" class=\"read-more\" href=\"https:\/\/coretalouise.com\/index.php\/nyfw-the-shows-spring-summer-2023\/\">Read more<span class=\"screen-reader-text\">NYFW The Shows Spring Summer 2023<\/span><\/a><\/p>\n","protected":false},"author":1,"featured_media":5981,"parent":0,"menu_order":0,"comment_status":"closed","ping_status":"closed","template":"","meta":{"inline_featured_image":false,"ngg_post_thumbnail":0,"footnotes":""},"class_list":["post-5978","page","type-page","status-publish","has-post-thumbnail"],"_links":{"self":[{"href":"https:\/\/coretalouise.com\/index.php\/wp-json\/wp\/v2\/pages\/5978"}],"collection":[{"href":"https:\/\/coretalouise.com\/index.php\/wp-json\/wp\/v2\/pages"}],"about":[{"href":"https:\/\/coretalouise.com\/index.php\/wp-json\/wp\/v2\/types\/page"}],"author":[{"embeddable":true,"href":"https:\/\/coretalouise.com\/index.php\/wp-json\/wp\/v2\/users\/1"}],"replies":[{"embeddable":true,"href":"https:\/\/coretalouise.com\/index.php\/wp-json\/wp\/v2\/comments?post=5978"}],"version-history":[{"count":14,"href":"https:\/\/coretalouise.com\/index.php\/wp-json\/wp\/v2\/pages\/5978\/revisions"}],"predecessor-version":[{"id":7028,"href":"https:\/\/coretalouise.com\/index.php\/wp-json\/wp\/v2\/pages\/5978\/revisions\/7028"}],"wp:featuredmedia":[{"embeddable":true,"href":"https:\/\/coretalouise.com\/index.php\/wp-json\/wp\/v2\/media\/5981"}],"wp:attachment":[{"href":"https:\/\/coretalouise.com\/index.php\/wp-json\/wp\/v2\/media?parent=5978"}],"curies":[{"name":"wp","href":"https:\/\/api.w.org\/{rel}","templated":true}]}}